{"id":467,"date":"2025-07-17T13:13:28","date_gmt":"2025-07-17T11:13:28","guid":{"rendered":"https:\/\/www.gaddvikostra.se\/?page_id=467"},"modified":"2025-07-17T13:24:10","modified_gmt":"2025-07-17T11:24:10","slug":"foreningsstamma-2025","status":"publish","type":"page","link":"http:\/\/www.gaddvikostra.se\/?page_id=467","title":{"rendered":"F\u00f6reningsst\u00e4mma 2025"},"content":{"rendered":"\n<p>Hej medlem i G\u00e4ddvik \u00d6stra samf\u00e4llighetsf\u00f6rening!<\/p>\n\n\n\n<p>Styrelsen h\u00e4lsar v\u00e4lkommen till \u00e5rets st\u00e4mma L\u00f6rdagen 19 Juli 2025 kl 11:00. <br>Plats f\u00f6r st\u00e4mman \u00e4r den r\u00f6da b\u00e5thallen vid Norra Finn\u00f6 Bygg.<\/p>\n\n\n\n<div class=\"wp-block-file\"><a id=\"wp-block-file--media-a53fdb64-d2ef-403e-abdc-33fb41f7564b\" href=\"https:\/\/www.gaddvikostra.se\/wp-content\/uploads\/2025\/07\/Kallelse-till-ordinarie-stamma-2025-.pdf\">Kallelse<\/a><a href=\"https:\/\/www.gaddvikostra.se\/wp-content\/uploads\/2025\/07\/Kallelse-till-ordinarie-stamma-2025-.pdf\" class=\"wp-block-file__button wp-element-button\" download aria-describedby=\"wp-block-file--media-a53fdb64-d2ef-403e-abdc-33fb41f7564b\">Ladda ner<\/a><\/div>\n\n\n\n<div class=\"wp-block-file\"><a id=\"wp-block-file--media-81b16d01-c901-47c3-a2da-3d60bff0ab15\" href=\"https:\/\/www.gaddvikostra.se\/wp-content\/uploads\/2025\/07\/Bilaga-1-till-kallelsen-till-arsstamman-2025.pdf\">Bilaga 1 till kallelsen<\/a><a href=\"https:\/\/www.gaddvikostra.se\/wp-content\/uploads\/2025\/07\/Bilaga-1-till-kallelsen-till-arsstamman-2025.pdf\" class=\"wp-block-file__button wp-element-button\" download aria-describedby=\"wp-block-file--media-81b16d01-c901-47c3-a2da-3d60bff0ab15\">Ladda ner<\/a><\/div>\n\n\n\n<div class=\"wp-block-file\"><a id=\"wp-block-file--media-3fce77b7-b656-43c5-9f28-3b8d7da50611\" href=\"https:\/\/www.gaddvikostra.se\/wp-content\/uploads\/2025\/07\/Fullmakt-Gaddvik.docx\">Fullmakt G\u00e4ddvik<\/a><a href=\"https:\/\/www.gaddvikostra.se\/wp-content\/uploads\/2025\/07\/Fullmakt-Gaddvik.docx\" class=\"wp-block-file__button wp-element-button\" download aria-describedby=\"wp-block-file--media-3fce77b7-b656-43c5-9f28-3b8d7da50611\">Ladda ner<\/a><\/div>\n\n\n\n<p>Underlag inf\u00f6r st\u00e4mman:<\/p>\n\n\n\n<div class=\"wp-block-group is-layout-constrained wp-block-group-is-layout-constrained\"><div class=\"wp-block-group__inner-container\">\n<div class=\"wp-block-group is-layout-constrained wp-block-group-is-layout-constrained\"><div class=\"wp-block-group__inner-container\">\n<div class=\"wp-block-file\"><a id=\"wp-block-file--media-fccd0c03-b582-44ec-9119-6b5600dac18e\" href=\"https:\/\/www.gaddvikostra.se\/wp-content\/uploads\/2025\/07\/Arsredovisning-Gaddvik-Ostra-Samfallighet.pdf\">\u00c5rsredovisning G\u00e4ddvik \u00d6stra Samf\u00e4llighet<\/a><a href=\"https:\/\/www.gaddvikostra.se\/wp-content\/uploads\/2025\/07\/Arsredovisning-Gaddvik-Ostra-Samfallighet.pdf\" class=\"wp-block-file__button wp-element-button\" download aria-describedby=\"wp-block-file--media-fccd0c03-b582-44ec-9119-6b5600dac18e\">Ladda ner<\/a><\/div>\n\n\n\n<div class=\"wp-block-group is-layout-constrained wp-block-group-is-layout-constrained\"><div class=\"wp-block-group__inner-container\">\n<div class=\"wp-block-file\"><a id=\"wp-block-file--media-5a75ecbe-6c70-4b1c-b449-a10516781616\" href=\"https:\/\/www.gaddvikostra.se\/wp-content\/uploads\/2025\/07\/balansrakning.pdf\">Balansr\u00e4kning<\/a><a href=\"https:\/\/www.gaddvikostra.se\/wp-content\/uploads\/2025\/07\/balansrakning.pdf\" class=\"wp-block-file__button wp-element-button\" download aria-describedby=\"wp-block-file--media-5a75ecbe-6c70-4b1c-b449-a10516781616\">Ladda ner<\/a><\/div>\n<\/div><\/div>\n<\/div><\/div>\n\n\n\n<div class=\"wp-block-file\"><a id=\"wp-block-file--media-44166d15-3496-4986-a55e-405ba0d662f8\" href=\"https:\/\/www.gaddvikostra.se\/wp-content\/uploads\/2025\/07\/resultatrakning.pdf\">Resultatr\u00e4kning<\/a><a href=\"https:\/\/www.gaddvikostra.se\/wp-content\/uploads\/2025\/07\/resultatrakning.pdf\" class=\"wp-block-file__button wp-element-button\" download aria-describedby=\"wp-block-file--media-44166d15-3496-4986-a55e-405ba0d662f8\">Ladda ner<\/a><\/div>\n\n\n\n<div class=\"wp-block-file\"><a id=\"wp-block-file--media-55d07c35-97e2-46e7-b276-21085bf09858\" href=\"https:\/\/www.gaddvikostra.se\/wp-content\/uploads\/2025\/07\/Budgetforslag.pdf\">Budget f\u00f6rslag<\/a><a href=\"https:\/\/www.gaddvikostra.se\/wp-content\/uploads\/2025\/07\/Budgetforslag.pdf\" class=\"wp-block-file__button wp-element-button\" download aria-describedby=\"wp-block-file--media-55d07c35-97e2-46e7-b276-21085bf09858\">Ladda ner<\/a><\/div>\n\n\n\n<div class=\"wp-block-file\"><a id=\"wp-block-file--media-52ffe184-18e8-4d27-ba46-bc4e3c124c5e\" href=\"https:\/\/www.gaddvikostra.se\/wp-content\/uploads\/2025\/07\/Debiteringsunderlag-Gaddvik-Ostra-250702.pdf\">Debiteringsunderlag<\/a><a href=\"https:\/\/www.gaddvikostra.se\/wp-content\/uploads\/2025\/07\/Debiteringsunderlag-Gaddvik-Ostra-250702.pdf\" class=\"wp-block-file__button wp-element-button\" download aria-describedby=\"wp-block-file--media-52ffe184-18e8-4d27-ba46-bc4e3c124c5e\">Ladda ner<\/a><\/div>\n\n\n\n<div class=\"wp-block-file\"><a id=\"wp-block-file--media-1cfd900a-7092-4a05-8e9d-a7a895c192a1\" href=\"https:\/\/www.gaddvikostra.se\/wp-content\/uploads\/2025\/07\/Underhalls-och-fornyelseplan-2025.pdf\">Underh\u00e5lls och f\u00f6rnyelseplan 2025<\/a><a href=\"https:\/\/www.gaddvikostra.se\/wp-content\/uploads\/2025\/07\/Underhalls-och-fornyelseplan-2025.pdf\" class=\"wp-block-file__button wp-element-button\" download aria-describedby=\"wp-block-file--media-1cfd900a-7092-4a05-8e9d-a7a895c192a1\">Ladda ner<\/a><\/div>\n\n\n\n<p>Vi ser fram emot att tr\u00e4ffas p\u00e5 st\u00e4mman.<\/p>\n\n\n\n<p>Styrelsen G\u00e4ddvik \u00d6stra Samf\u00e4llighet<\/p>\n<\/div><\/div>\n","protected":false},"excerpt":{"rendered":"<p>Hej medlem i G\u00e4ddvik \u00d6stra samf\u00e4llighetsf\u00f6rening! Styrelsen h\u00e4lsar v\u00e4lkommen till \u00e5rets st\u00e4mma L\u00f6rdagen 19 Juli 2025 kl 11:00. Plats f\u00f6r st\u00e4mman \u00e4r den r\u00f6da b\u00e5thallen vid Norra Finn\u00f6 Bygg. Underlag inf\u00f6r st\u00e4mman: Vi ser fram emot att tr\u00e4ffas p\u00e5 st\u00e4mman. Styrelsen G\u00e4ddvik \u00d6stra Samf\u00e4llighet<\/p>\n","protected":false},"author":1,"featured_media":0,"parent":355,"menu_order":0,"comment_status":"closed","ping_status":"closed","template":"","meta":{"footnotes":""},"_links":{"self":[{"href":"http:\/\/www.gaddvikostra.se\/index.php?rest_route=\/wp\/v2\/pages\/467"}],"collection":[{"href":"http:\/\/www.gaddvikostra.se\/index.php?rest_route=\/wp\/v2\/pages"}],"about":[{"href":"http:\/\/www.gaddvikostra.se\/index.php?rest_route=\/wp\/v2\/types\/page"}],"author":[{"embeddable":true,"href":"http:\/\/www.gaddvikostra.se\/index.php?rest_route=\/wp\/v2\/users\/1"}],"replies":[{"embeddable":true,"href":"http:\/\/www.gaddvikostra.se\/index.php?rest_route=%2Fwp%2Fv2%2Fcomments&post=467"}],"version-history":[{"count":2,"href":"http:\/\/www.gaddvikostra.se\/index.php?rest_route=\/wp\/v2\/pages\/467\/revisions"}],"predecessor-version":[{"id":478,"href":"http:\/\/www.gaddvikostra.se\/index.php?rest_route=\/wp\/v2\/pages\/467\/revisions\/478"}],"up":[{"embeddable":true,"href":"http:\/\/www.gaddvikostra.se\/index.php?rest_route=\/wp\/v2\/pages\/355"}],"wp:attachment":[{"href":"http:\/\/www.gaddvikostra.se\/index.php?rest_route=%2Fwp%2Fv2%2Fmedia&parent=467"}],"curies":[{"name":"wp","href":"https:\/\/api.w.org\/{rel}","templated":true}]}}

Föreningsstämma 2025

<p>Hej medlem i Gäddvik Östra samfällighetsförening!</p>



<p>Styrelsen hälsar välkommen till årets stämma Lördagen 19 Juli 2025 kl 11:00. <br>Plats för stämman är den röda båthallen vid Norra Finnö Bygg.</p>



<div class="wp-block-file"><a id="wp-block-file--media-a53fdb64-d2ef-403e-abdc-33fb41f7564b" href="https://www.gaddvikostra.se/wp-content/uploads/2025/07/Kallelse-till-ordinarie-stamma-2025-.pdf">Kallelse</a><a href="https://www.gaddvikostra.se/wp-content/uploads/2025/07/Kallelse-till-ordinarie-stamma-2025-.pdf" class="wp-block-file__button wp-element-button" download aria-describedby="wp-block-file--media-a53fdb64-d2ef-403e-abdc-33fb41f7564b">Ladda ner</a></div>



<div class="wp-block-file"><a id="wp-block-file--media-81b16d01-c901-47c3-a2da-3d60bff0ab15" href="https://www.gaddvikostra.se/wp-content/uploads/2025/07/Bilaga-1-till-kallelsen-till-arsstamman-2025.pdf">Bilaga 1 till kallelsen</a><a href="https://www.gaddvikostra.se/wp-content/uploads/2025/07/Bilaga-1-till-kallelsen-till-arsstamman-2025.pdf" class="wp-block-file__button wp-element-button" download aria-describedby="wp-block-file--media-81b16d01-c901-47c3-a2da-3d60bff0ab15">Ladda ner</a></div>



<div class="wp-block-file"><a id="wp-block-file--media-3fce77b7-b656-43c5-9f28-3b8d7da50611" href="https://www.gaddvikostra.se/wp-content/uploads/2025/07/Fullmakt-Gaddvik.docx">Fullmakt Gäddvik</a><a href="https://www.gaddvikostra.se/wp-content/uploads/2025/07/Fullmakt-Gaddvik.docx" class="wp-block-file__button wp-element-button" download aria-describedby="wp-block-file--media-3fce77b7-b656-43c5-9f28-3b8d7da50611">Ladda ner</a></div>



<p>Underlag inför stämman:</p>



<div class="wp-block-group is-layout-constrained wp-block-group-is-layout-constrained"><div class="wp-block-group__inner-container">
<div class="wp-block-group is-layout-constrained wp-block-group-is-layout-constrained"><div class="wp-block-group__inner-container">
<div class="wp-block-file"><a id="wp-block-file--media-fccd0c03-b582-44ec-9119-6b5600dac18e" href="https://www.gaddvikostra.se/wp-content/uploads/2025/07/Arsredovisning-Gaddvik-Ostra-Samfallighet.pdf">Årsredovisning Gäddvik Östra Samfällighet</a><a href="https://www.gaddvikostra.se/wp-content/uploads/2025/07/Arsredovisning-Gaddvik-Ostra-Samfallighet.pdf" class="wp-block-file__button wp-element-button" download aria-describedby="wp-block-file--media-fccd0c03-b582-44ec-9119-6b5600dac18e">Ladda ner</a></div>



<div class="wp-block-group is-layout-constrained wp-block-group-is-layout-constrained"><div class="wp-block-group__inner-container">
<div class="wp-block-file"><a id="wp-block-file--media-5a75ecbe-6c70-4b1c-b449-a10516781616" href="https://www.gaddvikostra.se/wp-content/uploads/2025/07/balansrakning.pdf">Balansräkning</a><a href="https://www.gaddvikostra.se/wp-content/uploads/2025/07/balansrakning.pdf" class="wp-block-file__button wp-element-button" download aria-describedby="wp-block-file--media-5a75ecbe-6c70-4b1c-b449-a10516781616">Ladda ner</a></div>
</div></div>
</div></div>



<div class="wp-block-file"><a id="wp-block-file--media-44166d15-3496-4986-a55e-405ba0d662f8" href="https://www.gaddvikostra.se/wp-content/uploads/2025/07/resultatrakning.pdf">Resultaträkning</a><a href="https://www.gaddvikostra.se/wp-content/uploads/2025/07/resultatrakning.pdf" class="wp-block-file__button wp-element-button" download aria-describedby="wp-block-file--media-44166d15-3496-4986-a55e-405ba0d662f8">Ladda ner</a></div>



<div class="wp-block-file"><a id="wp-block-file--media-55d07c35-97e2-46e7-b276-21085bf09858" href="https://www.gaddvikostra.se/wp-content/uploads/2025/07/Budgetforslag.pdf">Budget förslag</a><a href="https://www.gaddvikostra.se/wp-content/uploads/2025/07/Budgetforslag.pdf" class="wp-block-file__button wp-element-button" download aria-describedby="wp-block-file--media-55d07c35-97e2-46e7-b276-21085bf09858">Ladda ner</a></div>



<div class="wp-block-file"><a id="wp-block-file--media-52ffe184-18e8-4d27-ba46-bc4e3c124c5e" href="https://www.gaddvikostra.se/wp-content/uploads/2025/07/Debiteringsunderlag-Gaddvik-Ostra-250702.pdf">Debiteringsunderlag</a><a href="https://www.gaddvikostra.se/wp-content/uploads/2025/07/Debiteringsunderlag-Gaddvik-Ostra-250702.pdf" class="wp-block-file__button wp-element-button" download aria-describedby="wp-block-file--media-52ffe184-18e8-4d27-ba46-bc4e3c124c5e">Ladda ner</a></div>



<div class="wp-block-file"><a id="wp-block-file--media-1cfd900a-7092-4a05-8e9d-a7a895c192a1" href="https://www.gaddvikostra.se/wp-content/uploads/2025/07/Underhalls-och-fornyelseplan-2025.pdf">Underhålls och förnyelseplan 2025</a><a href="https://www.gaddvikostra.se/wp-content/uploads/2025/07/Underhalls-och-fornyelseplan-2025.pdf" class="wp-block-file__button wp-element-button" download aria-describedby="wp-block-file--media-1cfd900a-7092-4a05-8e9d-a7a895c192a1">Ladda ner</a></div>



<p>Vi ser fram emot att träffas på stämman.</p>



<p>Styrelsen Gäddvik Östra Samfällighet</p>
</div></div>

<p>Hej medlem i Gäddvik Östra samfällighetsförening! Styrelsen hälsar välkommen till årets stämma Lördagen 19 Juli 2025 kl 11:00. Plats för stämman är den röda båthallen vid Norra Finnö Bygg. Underlag inför stämman: Vi ser fram emot att träffas på stämman. Styrelsen Gäddvik Östra Samfällighet</p>
